Does 25 divide 377203000?
True
Does 3632 divide 135945760?
True
Is 12264330 a multiple of 1460?
False
Is 28772183 a multiple of 763?
False
Is 18 a factor of 7780289162?
False
Does 34 divide 465723930?
False
Does 632 divide 342463104?
True
Is 9061950 a multiple of 75?
True
Does 71 divide 49411409?
False
Does 19 divide 8005477?
False
Is 25832180 a multiple of 20?
True
Is 13562485 a multiple of 13?
False
Is 236992320 a multiple of 710?
True
Is 4562275 a multiple of 7?
False
Is 568 a factor of 951258568?
True
Is 32 a factor of 84202267?
False
Does 493 divide 2654748798?
True
Does 30 divide 50212145?
False
Is 5 a factor of 83315320?
True
Is 51526510 a multiple of 200?
False
Is 41045463 a multiple of 9?
True
Is 7434600 a multiple of 693?
False
Is 298079352 a multiple of 1893?
True
Does 20 divide 492708340?
True
Is 122 a factor of 13692914?
True
Does 41 divide 230857347?
True
Is 72 a factor of 930161597?
False
Is 532 a factor of 2314496234?
False
Does 14 divide 7996926?
True
Is 581787628 a multiple of 773?
True
Is 513 a factor of 867926269?
False
Does 1771 divide 1176999255?
False
Is 107 a factor of 382406717?
False
Does 10 divide 33117480?
True
Is 168 a factor of 842691813?
False
Does 925 divide 43166136?
False
Is 131 a factor of 2117666923?
False
Does 3 divide 41658597?
True
Does 9 divide 1011169352?
False
Is 836555080 a multiple of 677?
False
Does 648 divide 68398344?
True
Is 6000843135 a multiple of 149?
True
Is 21932832 a multiple of 564?
True
Does 216 divide 269241624?
True
Is 6 a factor of 1183016136?
True
Is 54205095 a multiple of 14?
False
Is 3403 a factor of 245305255?
True
Is 294871096 a multiple of 13?
True
Is 667570640 a multiple of 40?
True
Is 7 a factor of 826461321?
True
Is 14995665 a multiple of 27?
True
Does 76 divide 104707549?
False
Is 72970534 a multiple of 26?
True
Is 118 a factor of 62799866?
False
Does 15 divide 9142497?
False
Is 967629 a multiple of 13?
True
Is 269 a factor of 262488317?
True
Does 442 divide 2908069395?
False
Is 9 a factor of 12387985?
False
Is 22983633 a multiple of 3?
True
Is 962 a factor of 230640462?
True
Is 530 a factor of 75442423?
False
Does 56 divide 12717884?
False
Is 50455894 a multiple of 1676?
False
Is 1351877826 a multiple of 3?
True
Is 97911792 a multiple of 792?
True
Is 5726 a factor of 570882200?
True
Is 10 a factor of 801203880?
True
Is 95 a factor of 92578070?
True
Is 64 a factor of 34699264?
True
Is 1833137241 a multiple of 29?
True
Is 1778574848 a multiple of 212?
True
Is 141 a factor of 6502074?
True
Does 525 divide 16718687?
False
Is 5 a factor of 4927695?
True
Is 66 a factor of 2352226469?
False
Does 62 divide 864221573?
False
Is 9 a factor of 1294317921?
False
Is 31932173 a multiple of 13?
True
Does 26 divide 1977981630?
False
Does 397 divide 34442132?
True
Is 468791493 a multiple of 3?
True
Is 155 a factor of 255091827?
False
Is 201632879 a multiple of 18?
False
Does 425 divide 227341838?
False
Does 39 divide 101697765?
True
Is 7445 a factor of 5363124870?
True
Is 5 a factor of 11022018?
False
Does 3989 divide 276482775?
False
Does 911 divide 101306844?
True
Does 22 divide 1019531370?
True
Is 129 a factor of 28898783?
False
Is 41827571 a multiple of 2823?
False
Does 439 divide 662441374?
False
Is 438 a factor of 761304969?
False
Is 76702300 a multiple of 1315?
False
Is 4238147 a multiple of 1711?
True
Is 531 a factor of 1824655694?
False
Is 120062768 a multiple of 32?
False
Is 37 a factor of 1934126604?
True
Does 17 divide 33587614?
True
Is 139265315 a multiple of 41?
True
Does 13 divide 1513821069?
False
Is 27517091 a multiple of 167?
True
Is 18 a factor of 23674752?
True
Does 8 divide 138446952?
True
Is 2189361474 a multiple of 54?
True
Is 54328932 a multiple of 28?
True
Is 1022 a factor of 254049782?
True
Is 160251369 a multiple of 3770?
False
Is 6183845 a multiple of 93?
False
Does 24 divide 3075562872?
True
Does 41 divide 878317999?
False
Is 23740302 a multiple of 751?
False
Does 594 divide 423791623?
False
Is 134 a factor of 29030431?
False
Is 2418 a factor of 134723638?
False
Does 327 divide 44245593?
False
Is 579 a factor of 87339834?
True
Is 72593100 a multiple of 12?
True
Does 26 divide 819057145?
False
Is 227 a factor of 72925669?
False
Is 25 a factor of 84719300?
True
Is 34815950 a multiple of 84?
False
Is 24842551 a multiple of 52?
False
Is 130087144 a multiple of 88?
True
Is 52542072 a multiple of 484?
True
Is 11289316 a multiple of 64?
False
Is 1879 a factor of 6078903?
False
Does 275 divide 34221550?
True
Is 984 a factor of 2417030?
False
Is 6607 a factor of 1220524324?
True
Is 623443920 a multiple of 165?
True
Is 424 a factor of 168632856?
True
Does 10492 divide 646454088?
True
Is 1585177 a multiple of 13?
False
Is 30 a factor of 999872313?
False
Is 1003760158 a multiple of 373?
True
Is 10 a factor of 142714700?
True
Is 756 a factor of 157248?
True
Is 13 a factor of 40792245?
True
Is 1590 a factor of 720646830?
True
Does 6 divide 237011826?
True
Does 20 divide 3838460?
True
Does 4 divide 13176370?
False
Is 963258357 a multiple of 7745?
False
Does 104 divide 36361561?
False
Does 491 divide 34023845?
True
Does 316 divide 29327337?
False
Does 25 divide 119482922?
False
Does 36 divide 557285004?
True
Is 114 a factor of 19255968?
True
Does 43 divide 19895845?
False
Does 414 divide 351112158?
True
Is 5 a factor of 1290360917?
False
Is 2188383582 a multiple of 119?
True
Is 444 a factor of 15667428?
True
Is 60 a factor of 545820811?
False
Is 13 a factor of 1647805436?
False
Is 42591490 a multiple of 10?
True
Is 36787497 a multiple of 325?
False
Is 53638619 a multiple of 11?
False
Is 7 a factor of 3768705?
False
Is 148489110 a multiple of 2333?
False
Is 165503380 a multiple of 2810?
True
Does 471 divide 1327749?
True
Is 7752602 a multiple of 26?
True
Is 35 a factor of 414245748?
False
Is 75 a factor of 6113550?
True
Is 1709571490 a multiple of 11?
True
Is 1076859900 a multiple of 2900?
True
Is 130 a factor of 68980308?
False
Is 20889529 a multiple of 43?
True
Is 109421802 a multiple of 441?
True
Does 12200 divide 3096420271?
False
Is 162 a factor of 4553567135?
False
Is 743003271 a multiple of 88?
False
Is 108 a factor of 35475948?
True
Is 4 a factor of 5110853?
False
Is 24541806 a multiple of 1920?
False
Is 6269 a factor of 695676755?
False
Is 97049694 a multiple of 22?
False
Is 46 a factor of 56007430?
False
Does 9 divide 148259583?
True
Does 24 divide 73308024?
True
Is 56704467 a multiple of 14?
False
Does 13 divide 305251557?
True
Is 1016 a factor of 64120369?
False
Does 103 divide 35999104?
False
Is 953 a factor of 178356809?
True
Is 392823325 a multiple of 575?
True
Does 18 divide 99227534?
False
Is 316 a factor of 30199695?
False
Is 255770004 a multiple of 7?
True
Does 3589 divide 57256308?
False
Does 18 divide 96437785?
False
Is 68756352 a multiple of 56?
True
Does 1133 divide 327618910?
False
Does 37 divide 3085704429?
True
Is 177362580 a multiple of 1221?
False
Does 390 divide 39165855?
False
Does 12 divide 382546462?
False
Does 298 divide 37526138?
False
Does 905 divide 854565255?
True
Does 8 divide 27040120?
True
Does 1042 divide 815636089?
False
Is 96 a factor of 2204560?
False
Is 833048722 a multiple of 116?
False
Is 89881857 a multiple of 2164?
False
Does 144 divide 18351936?
True
Is 1390712106 a multiple of 903?
True
Does 105 divide 36198428?
False
Is 14094254 a multiple of 1258?
False
Is 20 a factor of 1534006?
False
Is 18298350 a multiple of 1295?
True
Does 102 divide 36305064?
True
Does 92 divide 1787928?
True
Is 271225136 a multiple of 1744?
True
Does 39 divide 81815838?
True
Is 1313 a factor of 213976784?
False
Is 495363151 a multiple of 3151?
False
Is 44 a factor of 693396?
True
Does 40 divide 20454880?
True
Is 40 a factor of 232219200?
True
Is 92757383 a multiple of 96?
False
Is 14 a factor of 206259326?
True
Is 312510438 a multiple of 261?
True
Is 72066379 a multiple of 58?
False
Is 953 a factor of 11742866?
True
Is 2658432 a multiple of 23?
True
Is 12 a factor of 1302701?
False
Is 16 a factor of 10728912?
True
Is 88 a factor of 802722712?
True
Is 16 a factor of 213526219?
False
Is 6 a factor of 27774384?
True
Is 1481845077 a multiple of 27?
True
Does 117 divide 695565?
True
Is 43 a factor of 155571649?
False
Is 245074330 a multiple of 40?
False
Do